mine v(-8).
9
Let c = -3129 - -3125. Let t(k) = k**3 + 5*k**2 - 2*k - 20. What is t(c)?
4
Let v(j) = 2*j**2 + 5*j + 15. Let w(b) = b**2 + 2*b + 9. Let o = 404 + -399. Let k(d) = o*w(d) - 3*v(d). Determine k(-3).
6
Let y(a) be the third derivative of a**4/8 + 17*a**3/6 + 876*a**2. Calculate y(-4).
5
Suppose 4*g = 3*l - 0*l + 7, 2*g - 2*l - 2 = 0. Suppose m - 20 = g*i, -m + 16 = 3*i - 5*i. Let z(v) = -v**3 + 13*v**2 - 13*v + 14. Give z(m).
2
Let d(c) = 15*c + 19 - c + 2373*c**3 + 11*c**2 - 2374*c**3 + c**2 + 2*c**2. Calculate d(15).
4
Let s(r) = 2*r**3 - 50*r**2 - 27*r + 45. Let o be s(26). Suppose -o*p - 72 = -686*p. Let h(a) = a**3 + 7*a**2 - 9*a + 11. Determine h(p).
19
Suppose 0 = 13*l + 8 + 83. Let i(b) = -8*b. Calculate i(l).
56
Suppose -2*x - 2*k = -6, k - 4 = -3*x + 1. Let t(n) = n**3 + n**2 - n. What is t(x)?
1
Let n(u) = u**3 - 9*u**2 + 5*u + 1. Let y = 2699 - 2693. What is n(y)?
-77
Suppose 51*r - 192*r - 41*r = 2184. Let a(y) = -y**3 - 12*y**2 - 2*y - 38. Give a(r).
-14
Let s be 3/(-3*(-4)/(-8)*-1). Let w be s/10 + 210/75. Let b(v) = -3*v**w - v - 3*v**3 + 25*v**3 - 12*v**3. What is b(-1)?
-6
Suppose 0 = -46*a + 34*a + 24. Let c(v) = -1 - 11*v + 2*v - 3*v**2 + 11*v + 5*v**2. Calculate c(a).
11
Let x(o) = o**2 + 11*o - 18. Let n = -3152 + 3141. Give x(n).
-18
Let z(c) be the first derivative of c**5/20 - c**4/8 + c**3/2 - c**2 - 46*c + 36. Let s(d) be the second derivative of z(d). Determine s(3).
21
Let m(d) = 29*d + 157. Let i = -25928 - -25920. Give m(i).
-75
Let v(i) be the second derivative of 1/2*i**3 + 2*i**2 + 1/3*i**4 + 2 - 3*i. Give v(-2).
14
Let k(a) = 3*a. Suppose i - 2 + 1 = 0. Let m be (9/4)/(6/16*i). Suppose -14 = m*o - 2. Calculate k(o).
-6
Let i(m) = -m**3 + 14*m**2 + 6*m - 65. Let l be i(14). Let z(a) = -14 + 33 - a - l. Let j be 6/(-9) + (-32)/(-12). Give z(j).
-2
Let k(q) = -20*q**2 - 61*q. Let m be k(-3). Let l(n) = 88*n + 9 - 197*n + 99*n - n**m - 12*n**2. Determine l(-11).
-2
Let h(g) = g**2 - 5*g + 3. Suppose -c = 4*c, 2*c - 122 = -2*f. Suppose -f*u - 450 = -56*u. Let b = 96 + u. Calculate h(b).
9
Let w(x) = -13*x**2 + 27*x - 31. Let h(s) = 8*s**2 - 14*s + 16. Let f(z) = 5*h(z) + 3*w(z). Suppose 2*u + 60 = -3*u. Calculate f(u).
-1
Suppose 1159 = 21*y + 1096. Let t(b) = 20*b - 8. Calculate t(y).
52
Let w(i) = -3*i**2 + 14*i - 186. Let d be w(8). Let y = 266 + d. Let s(m) = -m**2 + 3. Give s(y).
3
Let c(t) = t**2 - 4*t - 10. Suppose -3*p = 5*y + 6, -p + y - 12 = -2. Let r be (-2)/p + 7800/(-105). Let j = r + 81. Give c(j).
11
Let n(w) = 3*w**2 + 20*w - 111. Let x(z) = -z**2 - 7*z + 37. Let t(b) = -3*n(b) - 8*x(b). Let h be t(-8). Let o(l) = l**3 - 5*l**2 - 2*l + 1. Give o(h).
-9
Suppose 2*d + 115 = 3*j + 470, 5*j = -5. Let q(s) = 177*s + 0 + 2*s**3 - d*s + 0 - 2*s**2. Calculate q(1).
1
Let d(p) be the second derivative of p**5/20 + 7*p**4/12 + 13*p**3/6 - p**2/2 - 79*p. What is d(-4)?
-5
Let g(z) = z**2 + 15*z + 7. Let d = -580 - -170. Let p = -424 - d. What is g(p)?
-7
Let a(w) = 2*w + 7*w**2 - 8 - 10*w - 21*w**2 + 16*w**2 - w. Determine a(-1).
3
Let c be (-126)/210 - 3/(-5). Let b(d) = -2*d**2 + 13*d - 24. Let s(w) = w**2 - 7*w + 14. Let j(f) = -6*b(f) - 11*s(f). Calculate j(c).
-10
Let l(t) = -4148 + 2057 + 2056 + 5*t - t. Give l(4).
-19
Let n(i) be the third derivative of -1/120*i**6 + 0*i - 7*i**2 + 1/24*i**4 - 1/60*i**5 - 1/2*i**3 + 8. Let y = 2 - 5. What is n(y)?
12
Let i(f) = 3*f**3 + 2*f - 1. Suppose 6*g = 5*l + 7*g + 650, l = -3*g - 144. Let a = l - -131. What is i(a)?
27
Let k(x) = 2*x**2 - 15684 - 3*x**2 + 10*x - 2*x**2 + 4*x**2 + 15670. Calculate k(-12).
10
Let c(r) = -2*r**3 + r**2 + 4*r - 3. Let s = 6652 + -6650. Calculate c(s).
-7
Suppose 42*d = 43*d + 8. Let s(u) = -7*u**2 - 9*u - 4. Let q(z) = -10*z**2 - 14*z - 6. Let a(n) = -5*q(n) + 7*s(n). Give a(d).
10
Let j = -6509 + 6513. Let t(u) = -u**3 + 5*u**2 + 5*u - 5. Give t(j).
31
Let k(v) be the second derivative of -v**3/6 + 2*v**2 + 40*v. Suppose -2*p + 14 = 10. Suppose -3*i = -2*y + p, 4*i + y - 4 = 2*y. What is k(i)?
2
Suppose -q = 5*s + 3, -4*s - 8 - 4 = 4*q. Let n(t) be the second derivative of t**3/6 + 16*t**2 + 21325*t. Give n(s).
32
Suppose 783 - 167 = 77*g. Let m(h) = 3*h**2 - 14*h - 10. Calculate m(g).
70
Suppose 5*c = -1 + 11. Suppose 2 = c*n, -2*n = -4*j + 2*n - 12. Let f(h) be the first derivative of -5*h**2 + h + 5. What is f(j)?
21
Let x(s) = -s**3. Let j(o) = 9*o**3 + 2*o**2 + 8*o + 7. Let w(i) = -8*i**3 - 3*i**2 - 8*i - 5. Let t(k) = 4*j(k) + 5*w(k). Let h(u) = -t(u) + 5*x(u). Give h(8).
-3
Let d = 1139 + -1129. Let i(f) = f**2 - 25*f + 151. Calculate i(d).
1
Let x = -75 + 134. Let q(f) = -f + x + 0*f - 52. Let u(l) = -l + 7. Let y(v) = -6*q(v) + 7*u(v). What is y(7)?
0
Let g(s) be the first derivative of 3*s**2 + 7*s + 578. What is g(-4)?
-17
Let r = -460 + 470. Let p(x) = -r*x + 2*x**2 + 87 - 89 - x**2. Determine p(6).
-26
Suppose n = -d + 6 + 12, 5*d + 2*n - 75 = 0. Let j be -1 - (8 - d)*1. Let z(g) = 3*g + 4. Give z(j).
16
Let v(w) = -w**3 + 9*w**2 - 12*w - 2. Suppose 6*n + 131 = 173. Calculate v(n).
12
Let r(q) = -q**2 - 8*q - 8. Let z be r(-6). Let w(i) = 6436*i**2 + 2*i - 13 - 3221*i**2 + 14 - 3216*i**2. Determine w(z).
-7
Let x(w) = -w**3 + 3*w**2 + 7*w - 6. Let t be (2/2 - (5 - -3)) + 2. Let l be (1/2)/((-12)/24) - t. What is x(l)?
6
Let p(t) = -t**2 + 7*t + 13. Suppose -37*b = 391 - 761. Determine p(b).
-17
Suppose 0 = 48*q - 467 - 61. Let v(d) = 33*d - 369. Let h be v(q). Let z(p) be the second derivative of -p**4/12 - 7*p**3/6 - p**2/2 + 2*p. Calculate z(h).
5
Let d(k) be the third derivative of -k**5/60 + k**3 - 132152*k**2. Let s(y) = y - 3. Let u be s(6). What is d(u)?
-3
Let f(c) be the third derivative of c**5/60 + 11*c**4/24 + 2*c**3/3 + 2*c**2 + 564. Determine f(-9).
-14
Let x be (-298)/(-4023) - 110/27. Let f(q) = -q**3 - 4*q**2 + 12*q + 52. Give f(x).
4
Let h(l) be the second derivative of -l**4/24 + 2*l**3 + 24*l**2 - 168*l. Let y(t) be the first derivative of h(t). Give y(10).
2
Suppose 0 = -c - 5*w + 23, -4*c - 5*w = -8 - 9. Let y(x) = 3*x**3 + 2*x**2 + 6*x + 6. Determine y(c).
-22
Let w(t) = 2*t + 7. Let u be -11 - -4*3/(-12). Let z(v) = -v**3 - 11*v**2 + 13*v + 26. Let j be z(u). Suppose j*r - 5*r = -54. What is w(r)?
-5
Let r(s) = 2*s**2 + 37*s + 30. Suppose -60 = -28*t - 564. Calculate r(t).
12
Let a(c) be the third derivative of c**5/60 + 3*c**4/8 + 3*c**3/2 + 46*c**2 + 2*c. Suppose 9 = -3*s + 2*s. What is a(s)?
9
Let o(c) = 2*c - 1. Let t(r) = 50*r - 133. Let n be t(3). Suppose 11*j - 18 = n*j. What is o(j)?
-7
Let i(a) be the first derivative of a**6/360 - 7*a**5/120 - a**4/3 - 11*a**3/3 + 2*a + 66. Let v(t) be the third derivative of i(t). Determine v(8).
0
Let t(i) = 15*i + 8*i - 12 + 10 - 20*i. Let y be (-35)/(-7) + 24/(-3). Calculate t(y).
-11
Let x be 7/5 + (-5661)/(-85). Let i = x + -73. Let o(d) = -5*d - 5. Let w(u) = -11*u - 10. Let r(a) = -7*o(a) + 3*w(a). Calculate r(i).
-5
Let y(m) = -27*m**3 - 4*m - 2. Let x(p) = 8*p**3 + p + 1. Let u(g) = -12*x(g) - 4*y(g). What is u(1)?
12
Let w(k) be the third derivative of 5*k**4/24 - 7*k**3/6 + 997*k**2. Calculate w(5).
18
Let v = 25 - 22. Let k(j) = 5*j**3 - 1 - 2 - 2*j**v + j + j**2 - 2*j**3. Let y be (0/32)/(3 + -1). What is k(y)?
-3
Suppose 4*r = 2*r + 12. Let o(j) = j + 3*j - 11*j + r*j. Let w(u) = -8*u - 2. Let z(x) = -3*o(x) + w(x). Give z(2).
-12
Let d(p) = p**3 + 16*p**2 + 28*p + 9. Suppose 40*k - 476 = 38*k + 36*k. Calculate d(k).
9
Let s(n) = n**2 - 2*n + 10. Suppose 14*b - 21 = 11*b. Give s(b).
45
Let u = -7 + 12. Let r(c) be the first derivative of 7*c**3/3 + 7*c**2/2 + 6*c - 648. Let h(a) = 6*a**2 + 6*a + 5. Let q(k) = u*r(k) - 6*h(k). Calculate q(3).
-12
Let b(k) = 16*k**2 - 55*k - 3. Let q(n) = -n**2 + 2. Let h(g) = -b(g) - 5*q(g). Determine h(6).
-73
Let b(r) = r**2 + 3*r + 2. Let d be b(-4). Let n(k) = -2*k**2 - 8*k. Let c(z) = -z - 3 - 5*z + z**2 + 14*z + 2. Let v(u) = -3*c(u) - 2*n(u). Determine v(d).
-9
Suppose -2*m - 6*p + 23 = -5*p, -5*m + 55 = 2*p. Let y(s) = 3*s - 2 + 8*s - m*s. Let g = 7 - 2. Give y(g).
8
Let c(z) be the third derivative of -z**6/120 + 7*z**5/60 - z**3/6 + 31*z**2. Let p = 5 - -2. Calculate c(p).
-1
Let l(z) = 219*z + 66. Suppose -3*v - 197 = -191. Let h(i) = -17*i - 5. Let k(u) = v*l(u) - 27*h(u). Giv